{"id":440,"date":"2019-05-16T14:41:25","date_gmt":"2019-05-16T14:41:25","guid":{"rendered":"http:\/\/tciindustrial.com\/es\/?page_id=440"},"modified":"2023-08-07T20:54:56","modified_gmt":"2023-08-07T20:54:56","slug":"contactanos","status":"publish","type":"page","link":"https:\/\/www.tciindustrial.com\/n\/contactanos\/","title":{"rendered":"CONT\u00c1CTANOS"},"content":{"rendered":"<p>[et_pb_section fb_built=\u00bb1&#8243; custom_padding_last_edited=\u00bbon|phone\u00bb _builder_version=\u00bb3.26.6&#8243; background_color=\u00bb#fafafa\u00bb background_enable_image=\u00bboff\u00bb custom_padding=\u00bb100px|0px|100px|0px|true|false\u00bb custom_padding_phone=\u00bb50px||50px||true|false\u00bb][et_pb_row column_structure=\u00bb1_2,1_2&#8243; _builder_version=\u00bb3.26.6&#8243;][et_pb_column type=\u00bb1_2&#8243; _builder_version=\u00bb3.26.6&#8243;][et_pb_text _builder_version=\u00bb3.26.6&#8243; header_font=\u00bb||||||||\u00bb header_2_font=\u00bbPoppins||||||||\u00bb header_2_text_color=\u00bb#000000&#8243; header_2_font_size=\u00bb32px\u00bb]<\/p>\n<h1><strong>ENV\u00cdANOS TU MENSAJE<\/strong><\/h1>\n<p>Somos l\u00edderes en el dise\u00f1o, construcci\u00f3n e instalaci\u00f3n de transportadores industriales de banda. Recuerda que nos adaptamos a tus necesidades; comun\u00edcate con nosotros y h\u00e1blanos de tu proyecto.<\/p>\n<p><strong>Oficina:<\/strong>\u00a0+52 81 8386 6420<br \/> <strong>M\u00f3vil:<\/strong>\u00a0+52 81 8366 1059<br \/> ventas@tciindustrial.com<\/p>\n<p><strong>HORARIOS DE OFICINA<\/strong><br \/> Lunes -Jueves: 7:00 a.m. a 1:00 p.m. y 2:00 a 5:30 p.m.<br \/> Viernes: 7:00 a.m. a 1:00 p.m. y 2:00 p.m. a 4:30 p.m.<br \/> S\u00e1bado: 7:00 a.m. a 12:00 p.m<\/p>\n<p><strong>UBICACI\u00d3N<\/strong><br \/> Av. Meridiano 1709, Col. Cosm\u00f3polis, Apodaca, Nuevo Le\u00f3n, CP 66612<\/p>\n<p>[\/et_pb_text][\/et_pb_column][et_pb_column type=\u00bb1_2&#8243; _builder_version=\u00bb3.26.6&#8243;][et_pb_contact_form captcha=\u00bboff\u00bb email=\u00bbventas@tciindustrial.com\u00bb title=\u00bbSOLICITA M\u00c1S INFORMACI\u00d3N \u00bb custom_message=\u00bbNombre: %%Name%%||et_pb_line_break_holder||Email: %%Email%%||et_pb_line_break_holder||Tel\u00e9fono: %%Phone%%||et_pb_line_break_holder||||et_pb_line_break_holder||Mensaje: %%Message%%\u00bb success_message=\u00bb\u00a1Gracias por contactarnos! En breve atenderemos tu solicitud.\u00bb submit_button_text=\u00bbENVIAR\u00bb module_id=\u00bbet_pb_contact_form_0&#8243; _builder_version=\u00bb3.26.6&#8243; form_field_background_color=\u00bb#ffffff\u00bb title_font=\u00bbPoppins|700|||||||\u00bb title_text_color=\u00bb#fafafa\u00bb title_font_size=\u00bb31px\u00bb form_field_font=\u00bbAbel||||||||\u00bb form_field_font_size=\u00bb19px\u00bb custom_button=\u00bbon\u00bb button_text_color=\u00bb#ffffff\u00bb button_bg_color=\u00bb#0032de\u00bb button_border_color=\u00bbrgba(0,0,0,0)\u00bb button_border_radius=\u00bb100px\u00bb button_letter_spacing=\u00bb2px\u00bb button_font=\u00bbAbel||||||||\u00bb button_icon_color=\u00bb#ffffff\u00bb title_font_size_last_edited=\u00bbon|phone\u00bb form_background_color=\u00bb#ffffff\u00bb locked=\u00bboff\u00bb][et_pb_contact_field field_id=\u00bbName\u00bb field_title=\u00bbNombre\u00bb fullwidth_field=\u00bbon\u00bb _builder_version=\u00bb3.26.6&#8243; border_radii=\u00bbon||||\u00bb button_text_size__hover_enabled=\u00bboff\u00bb button_one_text_size__hover_enabled=\u00bboff\u00bb button_two_text_size__hover_enabled=\u00bboff\u00bb button_text_color__hover_enabled=\u00bboff\u00bb button_one_text_color__hover_enabled=\u00bboff\u00bb button_two_text_color__hover_enabled=\u00bboff\u00bb button_border_width__hover_enabled=\u00bboff\u00bb button_one_border_width__hover_enabled=\u00bboff\u00bb button_two_border_width__hover_enabled=\u00bboff\u00bb button_border_color__hover_enabled=\u00bboff\u00bb button_one_border_color__hover_enabled=\u00bboff\u00bb button_two_border_color__hover_enabled=\u00bboff\u00bb button_border_radius__hover_enabled=\u00bboff\u00bb button_one_border_radius__hover_enabled=\u00bboff\u00bb button_two_border_radius__hover_enabled=\u00bboff\u00bb button_letter_spacing__hover_enabled=\u00bboff\u00bb button_one_letter_spacing__hover_enabled=\u00bboff\u00bb button_two_letter_spacing__hover_enabled=\u00bboff\u00bb button_bg_color__hover_enabled=\u00bboff\u00bb button_one_bg_color__hover_enabled=\u00bboff\u00bb button_two_bg_color__hover_enabled=\u00bboff\u00bb][\/et_pb_contact_field][et_pb_contact_field field_id=\u00bbPhone\u00bb field_title=\u00bbTel\u00e9fono\u00bb _builder_version=\u00bb3.26.6&#8243; border_radii=\u00bbon||||\u00bb button_text_size__hover_enabled=\u00bboff\u00bb button_one_text_size__hover_enabled=\u00bboff\u00bb button_two_text_size__hover_enabled=\u00bboff\u00bb button_text_color__hover_enabled=\u00bboff\u00bb button_one_text_color__hover_enabled=\u00bboff\u00bb button_two_text_color__hover_enabled=\u00bboff\u00bb button_border_width__hover_enabled=\u00bboff\u00bb button_one_border_width__hover_enabled=\u00bboff\u00bb button_two_border_width__hover_enabled=\u00bboff\u00bb button_border_color__hover_enabled=\u00bboff\u00bb button_one_border_color__hover_enabled=\u00bboff\u00bb button_two_border_color__hover_enabled=\u00bboff\u00bb button_border_radius__hover_enabled=\u00bboff\u00bb button_one_border_radius__hover_enabled=\u00bboff\u00bb button_two_border_radius__hover_enabled=\u00bboff\u00bb button_letter_spacing__hover_enabled=\u00bboff\u00bb button_one_letter_spacing__hover_enabled=\u00bboff\u00bb button_two_letter_spacing__hover_enabled=\u00bboff\u00bb button_bg_color__hover_enabled=\u00bboff\u00bb button_one_bg_color__hover_enabled=\u00bboff\u00bb button_two_bg_color__hover_enabled=\u00bboff\u00bb][\/et_pb_contact_field][et_pb_contact_field field_id=\u00bbEmail\u00bb field_title=\u00bbCorreo electr\u00f3nico\u00bb field_type=\u00bbemail\u00bb _builder_version=\u00bb3.26.6&#8243; border_radii=\u00bbon||||\u00bb button_text_size__hover_enabled=\u00bboff\u00bb button_one_text_size__hover_enabled=\u00bboff\u00bb button_two_text_size__hover_enabled=\u00bboff\u00bb button_text_color__hover_enabled=\u00bboff\u00bb button_one_text_color__hover_enabled=\u00bboff\u00bb button_two_text_color__hover_enabled=\u00bboff\u00bb button_border_width__hover_enabled=\u00bboff\u00bb button_one_border_width__hover_enabled=\u00bboff\u00bb button_two_border_width__hover_enabled=\u00bboff\u00bb button_border_color__hover_enabled=\u00bboff\u00bb button_one_border_color__hover_enabled=\u00bboff\u00bb button_two_border_color__hover_enabled=\u00bboff\u00bb button_border_radius__hover_enabled=\u00bboff\u00bb button_one_border_radius__hover_enabled=\u00bboff\u00bb button_two_border_radius__hover_enabled=\u00bboff\u00bb button_letter_spacing__hover_enabled=\u00bboff\u00bb button_one_letter_spacing__hover_enabled=\u00bboff\u00bb button_two_letter_spacing__hover_enabled=\u00bboff\u00bb button_bg_color__hover_enabled=\u00bboff\u00bb button_one_bg_color__hover_enabled=\u00bboff\u00bb button_two_bg_color__hover_enabled=\u00bboff\u00bb][\/et_pb_contact_field][et_pb_contact_field field_id=\u00bbMessage\u00bb field_title=\u00bbMensaje\u00bb field_type=\u00bbtext\u00bb fullwidth_field=\u00bbon\u00bb _builder_version=\u00bb3.16&#8243; border_radii=\u00bbon||||\u00bb button_text_size__hover_enabled=\u00bboff\u00bb button_one_text_size__hover_enabled=\u00bboff\u00bb button_two_text_size__hover_enabled=\u00bboff\u00bb button_text_color__hover_enabled=\u00bboff\u00bb button_one_text_color__hover_enabled=\u00bboff\u00bb button_two_text_color__hover_enabled=\u00bboff\u00bb button_border_width__hover_enabled=\u00bboff\u00bb button_one_border_width__hover_enabled=\u00bboff\u00bb button_two_border_width__hover_enabled=\u00bboff\u00bb button_border_color__hover_enabled=\u00bboff\u00bb button_one_border_color__hover_enabled=\u00bboff\u00bb button_two_border_color__hover_enabled=\u00bboff\u00bb button_border_radius__hover_enabled=\u00bboff\u00bb button_one_border_radius__hover_enabled=\u00bboff\u00bb button_two_border_radius__hover_enabled=\u00bboff\u00bb button_letter_spacing__hover_enabled=\u00bboff\u00bb button_one_letter_spacing__hover_enabled=\u00bboff\u00bb button_two_letter_spacing__hover_enabled=\u00bboff\u00bb button_bg_color__hover_enabled=\u00bboff\u00bb button_one_bg_color__hover_enabled=\u00bboff\u00bb button_two_bg_color__hover_enabled=\u00bboff\u00bb][\/et_pb_contact_field][\/et_pb_contact_form][\/et_pb_column][\/et_pb_row][\/et_pb_section][et_pb_section fb_built=\u00bb1&#8243; fullwidth=\u00bbon\u00bb admin_label=\u00bbMap Section\u00bb _builder_version=\u00bb3.22&#8243; custom_padding=\u00bb0|0px|0|0px|false|false\u00bb filter_saturate=\u00bb90%\u00bb][et_pb_fullwidth_map google_api_key=\u00bbAIzaSyAICOq3gY-owA14heoCybjoloPMR9SpKrk\u00bb address=\u00bbMeridiano 1709, Paseos de Apodaca, Cd Apodaca, N.L., M\u00e9xico\u00bb zoom_level=\u00bb17&#8243; address_lat=\u00bb25.8152643&#8243; address_lng=\u00bb-100.2478868&#8243; mouse_wheel=\u00bboff\u00bb use_grayscale_filter=\u00bbon\u00bb grayscale_filter_amount=\u00bb70&#8243; _builder_version=\u00bb3.26.6&#8243; height=\u00bb500px\u00bb child_filter_saturate=\u00bb200%\u00bb child_mix_blend_mode=\u00bblighten\u00bb][et_pb_map_pin pin_address=\u00bbMeridiano 1709, Paseos de Apodaca, Cd Apodaca, N.L., M\u00e9xico\u00bb zoom_level=\u00bb22&#8243; pin_address_lat=\u00bb25.8152643&#8243; pin_address_lng=\u00bb-100.2478868&#8243; _builder_version=\u00bb3.26.6&#8243;][\/et_pb_map_pin][\/et_pb_fullwidth_map][\/et_pb_section]<\/p>\n","protected":false},"excerpt":{"rendered":"<p>[et_pb_section fb_built=\u00bb1&#8243; custom_padding_last_edited=\u00bbon|phone\u00bb _builder_version=\u00bb3.26.6&#8243; background_color=\u00bb#fafafa\u00bb background_enable_image=\u00bboff\u00bb custom_padding=\u00bb100px|0px|100px|0px|true|false\u00bb custom_padding_phone=\u00bb50px||50px||true|false\u00bb][et_pb_row column_structure=\u00bb1_2,1_2&#8243; _builder_version=\u00bb3.26.6&#8243;][et_pb_column type=\u00bb1_2&#8243; _builder_version=\u00bb3.26.6&#8243;][et_pb_text _builder_version=\u00bb3.26.6&#8243; header_font=\u00bb||||||||\u00bb header_2_font=\u00bbPoppins||||||||\u00bb header_2_text_color=\u00bb#000000&#8243; header_2_font_size=\u00bb32px\u00bb] ENV\u00cdANOS TU MENSAJE Somos l\u00edderes en el dise\u00f1o, construcci\u00f3n e instalaci\u00f3n de transportadores industriales de banda. Recuerda que nos adaptamos a tus necesidades; comun\u00edcate con nosotros y h\u00e1blanos de tu proyecto. Oficina:\u00a0+52 81 8386 6420 M\u00f3vil:\u00a0+52 81 8366 [&hellip;]<\/p>\n","protected":false},"author":1,"featured_media":0,"parent":0,"menu_order":0,"comment_status":"closed","ping_status":"closed","template":"","meta":{"_et_pb_use_builder":"on","_et_pb_old_content":"","footnotes":""},"class_list":["post-440","page","type-page","status-publish","hentry"],"_links":{"self":[{"href":"https:\/\/www.tciindustrial.com\/n\/wp-json\/wp\/v2\/pages\/440","targetHints":{"allow":["GET"]}}],"collection":[{"href":"https:\/\/www.tciindustrial.com\/n\/wp-json\/wp\/v2\/pages"}],"about":[{"href":"https:\/\/www.tciindustrial.com\/n\/wp-json\/wp\/v2\/types\/page"}],"author":[{"embeddable":true,"href":"https:\/\/www.tciindustrial.com\/n\/wp-json\/wp\/v2\/users\/1"}],"replies":[{"embeddable":true,"href":"https:\/\/www.tciindustrial.com\/n\/wp-json\/wp\/v2\/comments?post=440"}],"version-history":[{"count":20,"href":"https:\/\/www.tciindustrial.com\/n\/wp-json\/wp\/v2\/pages\/440\/revisions"}],"predecessor-version":[{"id":1545,"href":"https:\/\/www.tciindustrial.com\/n\/wp-json\/wp\/v2\/pages\/440\/revisions\/1545"}],"wp:attachment":[{"href":"https:\/\/www.tciindustrial.com\/n\/wp-json\/wp\/v2\/media?parent=440"}],"curies":[{"name":"wp","href":"https:\/\/api.w.org\/{rel}","templated":true}]}}